{"id":1639,"date":"2024-07-29T13:27:01","date_gmt":"2024-07-29T11:27:01","guid":{"rendered":"https:\/\/dojosaintgermanais.fr\/?page_id=1639"},"modified":"2024-07-29T13:30:58","modified_gmt":"2024-07-29T11:30:58","slug":"conditions-generales-dutilisation","status":"publish","type":"page","link":"https:\/\/dojosaintgermanais.fr\/index.php\/conditions-generales-dutilisation\/","title":{"rendered":"Conditions g\u00e9n\u00e9rales d&rsquo;utilisation"},"content":{"rendered":"\t\t<div data-elementor-type=\"wp-page\" data-elementor-id=\"1639\" class=\"elementor elementor-1639\">\n\t\t\t\t<div class=\"elementor-element elementor-element-fe49f30 e-flex e-con-boxed e-con e-parent\" data-id=\"fe49f30\" data-element_type=\"container\" data-e-type=\"container\">\n\t\t\t\t\t<div class=\"e-con-inner\">\n\t\t\t\t<div class=\"elementor-element elementor-element-339eca7 elementor-widget elementor-widget-heading\" data-id=\"339eca7\" data-element_type=\"widget\" data-e-type=\"widget\" data-widget_type=\"heading.default\">\n\t\t\t\t<div class=\"elementor-widget-container\">\n\t\t\t\t\t<h2 class=\"elementor-heading-title elementor-size-default\">Conditions g\u00e9n\u00e9rales d'utilisation<\/h2>\t\t\t\t<\/div>\n\t\t\t\t<\/div>\n\t\t\t\t\t<\/div>\n\t\t\t\t<\/div>\n\t\t<div class=\"elementor-element elementor-element-c6a0342 e-flex e-con-boxed e-con e-parent\" data-id=\"c6a0342\" data-element_type=\"container\" data-e-type=\"container\" data-settings=\"{&quot;background_background&quot;:&quot;classic&quot;}\">\n\t\t\t\t\t<div class=\"e-con-inner\">\n\t\t\t\t<div class=\"elementor-element elementor-element-5bdd523 elementor-widget elementor-widget-text-editor\" data-id=\"5bdd523\" data-element_type=\"widget\" data-e-type=\"widget\" data-widget_type=\"text-editor.default\">\n\t\t\t\t<div class=\"elementor-widget-container\">\n\t\t\t\t\t\t\t\t\t<div class=\"clearfix\"><p>En naviguant sur notre site, l\u2019internaute reconna\u00eet avoir pris connaissance et accept\u00e9 nos conditions g\u00e9n\u00e9rales d\u2019utilisation<\/p><p><strong>Donn\u00e9es personnelles :<\/strong><br \/>Aucune donn\u00e9es personnelles n&rsquo;est normalement demand\u00e9es sur le site.<\/p><p><strong>Cookies :<\/strong><br \/>En vue d\u2019am\u00e9liorer notre site, nous utilisons Google Analytics qui est un outil \u00ab d&rsquo;analyse d&rsquo;audience Internet permettant aux propri\u00e9taires de sites Web et d&rsquo;applications de mieux comprendre le comportement de leurs utilisateurs. Cet outil peut utiliser des cookies pour collecter des informations et g\u00e9n\u00e9rer des rapports sur les statistiques d&rsquo;utilisation d&rsquo;un site Web sans que les utilisateurs individuels soient identifi\u00e9s personnellement par Google.\u00a0<br \/>Outre la g\u00e9n\u00e9ration de rapports sur les statistiques d&rsquo;utilisation d&rsquo;un site Web, Google Analytics permet \u00e9galement, en association avec certains des cookies publicitaires d\u00e9crits ci-dessus, d&rsquo;afficher des annonces plus pertinentes sur les sites Google (tels que la recherche Google) et sur le Web. \u00bb<br \/><a href=\"https:\/\/policies.google.com\/technologies\/types?hl=fr\" target=\"_blank\" rel=\"noopener\">https:\/\/policies.google.com\/technologies\/types?hl=fr<\/a>\u00a0<br \/>Nous utilisons \u00e9galement les cookies n\u00e9cessaires \u00e0 l\u2019am\u00e9lioration de votre navigation sur notre site tenant compte exclusivement de votre navigateur.<\/p><p><strong>Propri\u00e9t\u00e9 intellectuelle :<\/strong><br \/>Il est la propri\u00e9t\u00e9 de l\u2019association et ne peut faire l\u2019objet de reproduction.<\/p><p><strong>Photographies et contenu :<\/strong><br \/>Les photographies, vid\u00e9os,\u00a0 textes et\u00a0 illustrations\u00a0 publi\u00e9s sur le site sont propri\u00e9t\u00e9 de l\u2019association ou ont fait l\u2019objet de cession de droits.<br \/>Ils\u00a0 ne peuvent faire l\u2019objet d\u2019aucune r\u00e9utilisation.<\/p><p><strong>Liens hypertextes :<\/strong><br \/>Le site <a href=\"https:\/\/dojosaintgermanais.fr\">https:\/\/dojosaintgermanais.fr<\/a> peut contenir des liens hypertextes renvoyant \u00e0 des pages ou des sites dont le contenu ne peut engager en rien l\u2019association.<br \/>Les liens hypertextes renvoyant vers notre site sont les bienvenus lorsqu\u2019ils \u00e9manent de sites respectant la l\u00e9gislation en vigueur.<\/p><\/div>\t\t\t\t\t\t\t\t<\/div>\n\t\t\t\t<\/div>\n\t\t\t\t\t<\/div>\n\t\t\t\t<\/div>\n\t\t\t\t<\/div>\n\t\t","protected":false},"excerpt":{"rendered":"<p>Conditions g\u00e9n\u00e9rales d&rsquo;utilisation En naviguant sur notre site, l\u2019internaute reconna\u00eet avoir pris connaissance et accept\u00e9 nos conditions g\u00e9n\u00e9rales d\u2019utilisation Donn\u00e9es personnelles :Aucune donn\u00e9es personnelles n&rsquo;est normalement demand\u00e9es sur le site. Cookies :En vue d\u2019am\u00e9liorer notre site, nous utilisons Google Analytics qui est un outil \u00ab d&rsquo;analyse d&rsquo;audience Internet permettant aux propri\u00e9taires de sites Web et [&hellip;]<\/p>\n","protected":false},"author":1,"featured_media":0,"parent":0,"menu_order":0,"comment_status":"closed","ping_status":"closed","template":"elementor_header_footer","meta":{"ocean_post_layout":"","ocean_both_sidebars_style":"","ocean_both_sidebars_content_width":0,"ocean_both_sidebars_sidebars_width":0,"ocean_sidebar":"","ocean_second_sidebar":"","ocean_disable_margins":"enable","ocean_add_body_class":"","ocean_shortcode_before_top_bar":"","ocean_shortcode_after_top_bar":"","ocean_shortcode_before_header":"","ocean_shortcode_after_header":"","ocean_has_shortcode":"","ocean_shortcode_after_title":"","ocean_shortcode_before_footer_widgets":"","ocean_shortcode_after_footer_widgets":"","ocean_shortcode_before_footer_bottom":"","ocean_shortcode_after_footer_bottom":"","ocean_display_top_bar":"default","ocean_display_header":"default","ocean_header_style":"","ocean_center_header_left_menu":"","ocean_custom_header_template":"","ocean_custom_logo":0,"ocean_custom_retina_logo":0,"ocean_custom_logo_max_width":0,"ocean_custom_logo_tablet_max_width":0,"ocean_custom_logo_mobile_max_width":0,"ocean_custom_logo_max_height":0,"ocean_custom_logo_tablet_max_height":0,"ocean_custom_logo_mobile_max_height":0,"ocean_header_custom_menu":"","ocean_menu_typo_font_family":"","ocean_menu_typo_font_subset":"","ocean_menu_typo_font_size":0,"ocean_menu_typo_font_size_tablet":0,"ocean_menu_typo_font_size_mobile":0,"ocean_menu_typo_font_size_unit":"px","ocean_menu_typo_font_weight":"","ocean_menu_typo_font_weight_tablet":"","ocean_menu_typo_font_weight_mobile":"","ocean_menu_typo_transform":"","ocean_menu_typo_transform_tablet":"","ocean_menu_typo_transform_mobile":"","ocean_menu_typo_line_height":0,"ocean_menu_typo_line_height_tablet":0,"ocean_menu_typo_line_height_mobile":0,"ocean_menu_typo_line_height_unit":"","ocean_menu_typo_spacing":0,"ocean_menu_typo_spacing_tablet":0,"ocean_menu_typo_spacing_mobile":0,"ocean_menu_typo_spacing_unit":"","ocean_menu_link_color":"","ocean_menu_link_color_hover":"","ocean_menu_link_color_active":"","ocean_menu_link_background":"","ocean_menu_link_hover_background":"","ocean_menu_link_active_background":"","ocean_menu_social_links_bg":"","ocean_menu_social_hover_links_bg":"","ocean_menu_social_links_color":"","ocean_menu_social_hover_links_color":"","ocean_disable_title":"default","ocean_disable_heading":"default","ocean_post_title":"","ocean_post_subheading":"","ocean_post_title_style":"","ocean_post_title_background_color":"","ocean_post_title_background":0,"ocean_post_title_bg_image_position":"","ocean_post_title_bg_image_attachment":"","ocean_post_title_bg_image_repeat":"","ocean_post_title_bg_image_size":"","ocean_post_title_height":0,"ocean_post_title_bg_overlay":0.5,"ocean_post_title_bg_overlay_color":"","ocean_disable_breadcrumbs":"default","ocean_breadcrumbs_color":"","ocean_breadcrumbs_separator_color":"","ocean_breadcrumbs_links_color":"","ocean_breadcrumbs_links_hover_color":"","ocean_display_footer_widgets":"default","ocean_display_footer_bottom":"default","ocean_custom_footer_template":"","footnotes":""},"class_list":["post-1639","page","type-page","status-publish","hentry","entry"],"_links":{"self":[{"href":"https:\/\/dojosaintgermanais.fr\/index.php\/wp-json\/wp\/v2\/pages\/1639","targetHints":{"allow":["GET"]}}],"collection":[{"href":"https:\/\/dojosaintgermanais.fr\/index.php\/wp-json\/wp\/v2\/pages"}],"about":[{"href":"https:\/\/dojosaintgermanais.fr\/index.php\/wp-json\/wp\/v2\/types\/page"}],"author":[{"embeddable":true,"href":"https:\/\/dojosaintgermanais.fr\/index.php\/wp-json\/wp\/v2\/users\/1"}],"replies":[{"embeddable":true,"href":"https:\/\/dojosaintgermanais.fr\/index.php\/wp-json\/wp\/v2\/comments?post=1639"}],"version-history":[{"count":10,"href":"https:\/\/dojosaintgermanais.fr\/index.php\/wp-json\/wp\/v2\/pages\/1639\/revisions"}],"predecessor-version":[{"id":1649,"href":"https:\/\/dojosaintgermanais.fr\/index.php\/wp-json\/wp\/v2\/pages\/1639\/revisions\/1649"}],"wp:attachment":[{"href":"https:\/\/dojosaintgermanais.fr\/index.php\/wp-json\/wp\/v2\/media?parent=1639"}],"curies":[{"name":"wp","href":"https:\/\/api.w.org\/{rel}","templated":true}]}}