{"id":1618,"date":"2024-07-29T13:09:10","date_gmt":"2024-07-29T11:09:10","guid":{"rendered":"https:\/\/dojosaintgermanais.fr\/?page_id=1618"},"modified":"2024-10-11T15:53:38","modified_gmt":"2024-10-11T13:53:38","slug":"politique-de-confidentialite","status":"publish","type":"page","link":"https:\/\/dojosaintgermanais.fr\/index.php\/politique-de-confidentialite\/","title":{"rendered":"Politiques de confidentialit\u00e9"},"content":{"rendered":"\t\t<div data-elementor-type=\"wp-page\" data-elementor-id=\"1618\" class=\"elementor elementor-1618\">\n\t\t\t\t<div class=\"elementor-element elementor-element-4433fe0 e-flex e-con-boxed e-con e-parent\" data-id=\"4433fe0\" data-element_type=\"container\" data-e-type=\"container\">\n\t\t\t\t\t<div class=\"e-con-inner\">\n\t\t\t\t<div class=\"elementor-element elementor-element-31c414b elementor-widget elementor-widget-heading\" data-id=\"31c414b\" data-element_type=\"widget\" data-e-type=\"widget\" data-widget_type=\"heading.default\">\n\t\t\t\t<div class=\"elementor-widget-container\">\n\t\t\t\t\t<h2 class=\"elementor-heading-title elementor-size-default\">Politique de confidentialit\u00e9 \u00e0 caract\u00e8re personnel<\/h2>\t\t\t\t<\/div>\n\t\t\t\t<\/div>\n\t\t\t\t\t<\/div>\n\t\t\t\t<\/div>\n\t\t<div class=\"elementor-element elementor-element-ff0d8cd e-flex e-con-boxed e-con e-parent\" data-id=\"ff0d8cd\" data-element_type=\"container\" data-e-type=\"container\">\n\t\t\t\t\t<div class=\"e-con-inner\">\n\t\t\t\t<div class=\"elementor-element elementor-element-ac2df3d elementor-widget elementor-widget-text-editor\" data-id=\"ac2df3d\" data-element_type=\"widget\" data-e-type=\"widget\" data-widget_type=\"text-editor.default\">\n\t\t\t\t<div class=\"elementor-widget-container\">\n\t\t\t\t\t\t\t\t\t<p class=\"h3\">Ce site est \u00e9dit\u00e9 par : Dojo Saint Germanais<\/p><address>Adresse :<br \/><a href=\"https:\/\/www.google.com\/maps\/search\/12+ter,+route+de+Libourne,33750+Saint+Germain+du+Puch\" target=\"_blank\" rel=\"noopener\"> 12 ter, route de Libourne, 33750 Saint Germain du Puch<br \/>France (m\u00e9tropolitaine) <\/a><\/address><p>Directeur de la publication : MALGORN St\u00e9phane<\/p><div class=\"clearfix\"><p><strong>POLITIQUE DE CONFIDENTIALIT\u00c9 DES DONN\u00c9ES \u00c0 CARACT\u00c8RE PERSONNEL<\/strong><br \/>La protection et la confidentialit\u00e9 des donn\u00e9es \u00e0 caract\u00e8re personnel est importante pour nous .<br \/>Dans ce cadre, la pr\u00e9sente Politique de confidentialit\u00e9 vous permettra de comprendre quelles donn\u00e9es \u00e0 caract\u00e8re personnel nous collectons et ce que nous en faisons, ainsi que la fa\u00e7on dont vous pouvez prot\u00e9ger votre vie priv\u00e9e.<br \/>Cette politique de confidentialit\u00e9 s\u2019applique aux informations que nous recueillons, lorsque vous adh\u00e9rez au Dojo Saint Germanais, lorsque vous acc\u00e9dez \u00e0 notre site internet ou lorsque vous entrez en contact avec un des membres du bureau ou le professeur.<\/p><p><strong>1. DONN\u00c9ES COLLECT\u00c9ES<\/strong><br \/>Dans le cadre de l\u2019adh\u00e9sion \u00e0 l\u2019association Dojo Saint Germanais et durant toute la p\u00e9riode d\u2019adh\u00e9sion, le Dojo Saint Germanais collecte les cat\u00e9gories de donn\u00e9es suivantes :<\/p><ul><li>Etat-civil, identit\u00e9, donn\u00e9es d\u2019identification, images (nom, pr\u00e9nom, adresse, photographie, date et lieu de naissance, etc.).<\/li><li>Donn\u00e9es de suivi de la relation de l\u2019Adh\u00e9rent : demande de renseignements, correspondance avec l\u2019Adh\u00e9rent ou son (ses) tuteur(s) l\u00e9gal(aux).<\/li><li>Donn\u00e9es d\u2019ordre \u00e9conomique et financi\u00e8re\u00a0 (Date de paiement, Moyen de paiement, Banque \u00e9mettrice du ch\u00e8que, IBAN.)<\/li><\/ul><p><strong>2. TRAITEMENTS DES DONN\u00c9ES<\/strong><br \/>L\u2019association Dojo Saint Germanais utilise vos donn\u00e9es pour les besoins du bon d\u00e9roulement de l\u2019inscription \u00e0 l\u2019association ainsi qu\u2019\u00e0 la FFJDA (F\u00e9d\u00e9ration Fran\u00e7aise de Judo et Discipline Associ\u00e9es).<br \/>Ceci comprend l\u2019adh\u00e9sion \u00e0 la F\u00e9d\u00e9ration Fran\u00e7aise de Judo, l\u2019inscription \u00e0 l\u2019association Dojo Saint Germanais, le paiement de la cotisation annuelle, la communication par mail.<br \/>Ces donn\u00e9es sont conserv\u00e9es pendant le temps de l\u2019adh\u00e9sion \u00e0 l\u2019association et pour une dur\u00e9e maximale d\u2019un an apr\u00e8s la non r\u00e9-adh\u00e9sion. Sans ces donn\u00e9es, le Dojo Saint Germanais ne pourrait pas licencier les Adh\u00e9rents \u00e0 la FFJDA, ni communiquer.<br \/>Nous pouvons \u00eatre amen\u00e9 \u00e0 devoir conserver certaines informations durant trois ans\u00a0 suivant la date de demande de suppression de vos donn\u00e9es pour des motifs l\u00e9gaux.<\/p><p><strong>3. GESTION ET UTILISATION DE VOS DONN\u00c9ES PERSONNELLES<\/strong><br \/>Vous pouvez \u00e0 tout moment acc\u00e9der \u00e0 vos donn\u00e9es, les rectifier, demander leur suppression, ou encore exercer votre droit \u00e0 la portabilit\u00e9 de vos donn\u00e9es, en adressant un courrier et en justifiant de votre identit\u00e9 \u00e0 :<br \/>Dojo Saint Germanais &#8211; 12 ter, route de Libourne 33750 SAINT GERMAIN DU PUCH &#8211;<br \/>ou \u00e0 l\u2019adresse : <em>dojostgermanais@gmail.com<\/em><\/p><p>Dans le cas de r\u00e9clamation \u00e0 laquelle le Dojo Saint Germanais ne vous aurait pas donn\u00e9 de r\u00e9ponse satisfaisante, vous pouvez vous adresser \u00e0 la Commission Nationale de l\u2019Informatique et des Libert\u00e9s (CNIL) en charge du respect des obligations en mati\u00e8re de donn\u00e9es personnelles.<\/p><p><strong>4. S\u00c9CURIT\u00c9 DE VOS DONN\u00c9ES PERSONNELLES<\/strong><br \/>L\u2019Association Dojo Saint Germanais met tous les moyens \u00e0 sa disposition afin de prot\u00e9ger les donn\u00e9es personnelles qu\u2019elle traite. Ces donn\u00e9es sont trait\u00e9s de mani\u00e8re \u00e9lectronique et \/ou manuscrite de fa\u00e7on \u00e0 garantir une s\u00e9curit\u00e9 et une protection la plus sur possible au travers de moyen techniques et physique afin d\u2019\u00e9viter tout risque de divulgation, perte, vol, ou d\u2019utilisation, modification qui n\u2019aurait pas explicitement \u00e9tait autoris\u00e9.<\/p><p><strong>5. ACC\u00c8S A VOS DONN\u00c9ES PERSONNELLES<\/strong><br \/>Vos donn\u00e9es personnelles sont trait\u00e9es exclusivement par les membres du bureau de l\u2019association ainsi que le professeur et en accord avec la pr\u00e9sente politique de confidentialit\u00e9 et les lois en vigueur pour la protection des donn\u00e9es.<\/p><p><strong>6. R\u00c9VOCATION DU CONSENTEMENT<\/strong><br \/>Si vous choisissez de r\u00e9voquer votre consentement concernant le traitement des donn\u00e9es personnelles tel qu\u2019il est d\u00e9crit dans cette Politique de confidentialit\u00e9, sachez que nous ne pourrons plus fournir l\u2019int\u00e9gralit\u00e9 des services que vous avez requis. De plus, nous sommes susceptibles de devoir conserver vos donn\u00e9es personnelles pour satisfaire les obligations l\u00e9gales et r\u00e9glementaires.<\/p><p><strong>7. COOKIES<\/strong><br \/>Nous utilisons un nombre de cookies au sein de notre site internet. Les cookies sont de petits fichiers de donn\u00e9es qui sont plac\u00e9s sur votre ordinateur, votre appareil portable ou tout autre appareil, lorsque vous naviguez sur notre site.<br \/>Nous serons amener \u00e0 utiliser des cookies dans les buts suivants: pour faciliter le fonctionnement de notre site internet, pour effectuer des statistiques\u00a0 pour le suivi de la circulation sur notre site et pour contr\u00f4ler quelles pages nos utilisateurs visites ou pas.<br \/>Certains cookies peuvent ne sont pas mis en place par le Dojo Saint Germanais. Lors d\u2019une visite d\u2019une page sur notre site internet avec un contenu int\u00e9gr\u00e9 en provenance de, par exemple, YouTube ou Facebook, des cookies peuvent \u00eatre sauvegard\u00e9s sur votre ordinateur par ces sites internet.<br \/>Nous ne sommes pas en mesure de contr\u00f4ler pas la mise en place de cookies venant de telles parties tierces et nous vous conseillons de consulter les sites internet de ces tierces parties pour plus d\u2019information sur ces cookies et leur politique de confidentialit\u00e9.<br \/>Les cookies ne nous fourniront jamais l\u2019acc\u00e8s \u00e0 aucunes autres de vos donn\u00e9es personnelles pr\u00e9sentes sur votre ordinateur, appareil portable ou tout autre appareil, en dehors des donn\u00e9es que vous avez autoris\u00e9 de partager avec nous.<\/p><p>La plupart des programmes de navigation sur internet acceptent automatiquement les cookies mais vous pouvez modifier les r\u00e9glages de votre navigateur afin de rejeter les cookies. Le rejet de cookies utilis\u00e9s par notre site internet, pourrait vous emp\u00eacher de b\u00e9n\u00e9ficier de toutes leurs fonctions et pourrait les amener \u00e0 ne pas fonctionner correctement lorsque vous les utilisez.<br \/>Si vous n\u2019\u00eates pas en accord avec notre utilisation de cookies, vous pouvez toutefois configurer votre ordinateur de la mani\u00e8re suivante, pour refuser l\u2019installation des cookies, appareil portable ou tout autre appareil.<\/p><p>Sous Internet Explorer : onglet outil (pictogramme en forme de rouage en haut a droite) \/ options internet. Cliquez sur Confidentialit\u00e9 et choisissez Bloquer tous les cookies. Validez sur Ok.<\/p><p>Sous Firefox : Cliquez en haut \u00e0 droite du navigateur sur le pictogramme de menu (formant trois traits horizontaux), puis s\u00e9lectionnez le panneau \u00ab pr\u00e9f\u00e9rences \u00bb. S\u00e9lectionnez le panneau \u00ab vie priv\u00e9e et s\u00e9curit\u00e9 \u00bb et allez \u00e0 la section Cookies et donn\u00e9es de sites. Vous pouvez bloquer les cookies.<\/p><p>Sous Safari : Cliquez en haut \u00e0 droite du navigateur sur le pictogramme de menu (symbolis\u00e9 par un rouage). S\u00e9lectionnez Param\u00e8tres. Cliquez sur Afficher les param\u00e8tres avanc\u00e9s. Dans la section \u00abConfidentialit\u00e9\u00bb, cliquez sur Param\u00e8tres de contenu. Dans la section \u00abCookies\u00bb, vous pouvez bloquer les cookies.<\/p><p>Sous Chrome : Cliquez en haut \u00e0 droite du navigateur sur le pictogramme de menu (symbolis\u00e9 par trois lignes horizontales). S\u00e9lectionnez Param\u00e8tres. Cliquez sur Afficher les param\u00e8tres avanc\u00e9s. Dans la section \u00abConfidentialit\u00e9\u00bb, cliquez sur pr\u00e9f\u00e9rences. Dans l\u2019onglet \u00abConfidentialit\u00e9\u00bb, vous pouvez bloquer les cookies.<\/p><p>Pour de plus amples informations sur les cookies rendez-vous sur le site web de la CNIL (Commission Nationale de l\u2019Informatique et des Libert\u00e9s): https:\/\/www.cnil.fr\/fr\/site-web-cookies-et-autres-traceurs<\/p><p><strong>8. \u00c9VOLUTION DE LA POLITIQUE DE CONFIDENTIALIT\u00c9<\/strong><br \/>La pr\u00e9sente Politique de confidentialit\u00e9 peut \u00eatre amen\u00e9e \u00e0 \u00e9voluer, notamment en raison des \u00e9volutions l\u00e9gislatives et r\u00e8glementaires.<\/p><p><strong>Dojo Saint Germanais &#8211; 12 ter, route de Libourne, 33750\u00a0SAINT GERMAIN DU PUCH<\/strong><br \/><em>dojostgermanais@gmail.com<\/em><\/p><p>\u00a9 Copyright 2024 &#8211; \u00ab\u00a0Dojo Saint Germanais\u00a0\u00bb &#8211; Tous droits r\u00e9serv\u00e9s<\/p><\/div>\t\t\t\t\t\t\t\t<\/div>\n\t\t\t\t<\/div>\n\t\t\t\t\t<\/div>\n\t\t\t\t<\/div>\n\t\t\t\t<\/div>\n\t\t","protected":false},"excerpt":{"rendered":"<p>Politique de confidentialit\u00e9 \u00e0 caract\u00e8re personnel Ce site est \u00e9dit\u00e9 par : Dojo Saint Germanais Adresse : 12 ter, route de Libourne, 33750 Saint Germain du PuchFrance (m\u00e9tropolitaine) Directeur de la publication : MALGORN St\u00e9phane POLITIQUE DE CONFIDENTIALIT\u00c9 DES DONN\u00c9ES \u00c0 CARACT\u00c8RE PERSONNELLa protection et la confidentialit\u00e9 des donn\u00e9es \u00e0 caract\u00e8re personnel est importante pour [&hellip;]<\/p>\n","protected":false},"author":1,"featured_media":0,"parent":0,"menu_order":0,"comment_status":"closed","ping_status":"closed","template":"elementor_header_footer","meta":{"ocean_post_layout":"","ocean_both_sidebars_style":"","ocean_both_sidebars_content_width":0,"ocean_both_sidebars_sidebars_width":0,"ocean_sidebar":"","ocean_second_sidebar":"","ocean_disable_margins":"enable","ocean_add_body_class":"","ocean_shortcode_before_top_bar":"","ocean_shortcode_after_top_bar":"","ocean_shortcode_before_header":"","ocean_shortcode_after_header":"","ocean_has_shortcode":"","ocean_shortcode_after_title":"","ocean_shortcode_before_footer_widgets":"","ocean_shortcode_after_footer_widgets":"","ocean_shortcode_before_footer_bottom":"","ocean_shortcode_after_footer_bottom":"","ocean_display_top_bar":"default","ocean_display_header":"default","ocean_header_style":"","ocean_center_header_left_menu":"","ocean_custom_header_template":"","ocean_custom_logo":0,"ocean_custom_retina_logo":0,"ocean_custom_logo_max_width":0,"ocean_custom_logo_tablet_max_width":0,"ocean_custom_logo_mobile_max_width":0,"ocean_custom_logo_max_height":0,"ocean_custom_logo_tablet_max_height":0,"ocean_custom_logo_mobile_max_height":0,"ocean_header_custom_menu":"","ocean_menu_typo_font_family":"","ocean_menu_typo_font_subset":"","ocean_menu_typo_font_size":0,"ocean_menu_typo_font_size_tablet":0,"ocean_menu_typo_font_size_mobile":0,"ocean_menu_typo_font_size_unit":"px","ocean_menu_typo_font_weight":"","ocean_menu_typo_font_weight_tablet":"","ocean_menu_typo_font_weight_mobile":"","ocean_menu_typo_transform":"","ocean_menu_typo_transform_tablet":"","ocean_menu_typo_transform_mobile":"","ocean_menu_typo_line_height":0,"ocean_menu_typo_line_height_tablet":0,"ocean_menu_typo_line_height_mobile":0,"ocean_menu_typo_line_height_unit":"","ocean_menu_typo_spacing":0,"ocean_menu_typo_spacing_tablet":0,"ocean_menu_typo_spacing_mobile":0,"ocean_menu_typo_spacing_unit":"","ocean_menu_link_color":"","ocean_menu_link_color_hover":"","ocean_menu_link_color_active":"","ocean_menu_link_background":"","ocean_menu_link_hover_background":"","ocean_menu_link_active_background":"","ocean_menu_social_links_bg":"","ocean_menu_social_hover_links_bg":"","ocean_menu_social_links_color":"","ocean_menu_social_hover_links_color":"","ocean_disable_title":"default","ocean_disable_heading":"default","ocean_post_title":"","ocean_post_subheading":"","ocean_post_title_style":"","ocean_post_title_background_color":"","ocean_post_title_background":0,"ocean_post_title_bg_image_position":"","ocean_post_title_bg_image_attachment":"","ocean_post_title_bg_image_repeat":"","ocean_post_title_bg_image_size":"","ocean_post_title_height":0,"ocean_post_title_bg_overlay":0.5,"ocean_post_title_bg_overlay_color":"","ocean_disable_breadcrumbs":"default","ocean_breadcrumbs_color":"","ocean_breadcrumbs_separator_color":"","ocean_breadcrumbs_links_color":"","ocean_breadcrumbs_links_hover_color":"","ocean_display_footer_widgets":"default","ocean_display_footer_bottom":"default","ocean_custom_footer_template":"","footnotes":""},"class_list":["post-1618","page","type-page","status-publish","hentry","entry"],"_links":{"self":[{"href":"https:\/\/dojosaintgermanais.fr\/index.php\/wp-json\/wp\/v2\/pages\/1618","targetHints":{"allow":["GET"]}}],"collection":[{"href":"https:\/\/dojosaintgermanais.fr\/index.php\/wp-json\/wp\/v2\/pages"}],"about":[{"href":"https:\/\/dojosaintgermanais.fr\/index.php\/wp-json\/wp\/v2\/types\/page"}],"author":[{"embeddable":true,"href":"https:\/\/dojosaintgermanais.fr\/index.php\/wp-json\/wp\/v2\/users\/1"}],"replies":[{"embeddable":true,"href":"https:\/\/dojosaintgermanais.fr\/index.php\/wp-json\/wp\/v2\/comments?post=1618"}],"version-history":[{"count":25,"href":"https:\/\/dojosaintgermanais.fr\/index.php\/wp-json\/wp\/v2\/pages\/1618\/revisions"}],"predecessor-version":[{"id":1902,"href":"https:\/\/dojosaintgermanais.fr\/index.php\/wp-json\/wp\/v2\/pages\/1618\/revisions\/1902"}],"wp:attachment":[{"href":"https:\/\/dojosaintgermanais.fr\/index.php\/wp-json\/wp\/v2\/media?parent=1618"}],"curies":[{"name":"wp","href":"https:\/\/api.w.org\/{rel}","templated":true}]}}